 prime number?
False
Is 8923 prime?
True
Is 16301 composite?
False
Is 4126399 prime?
True
Is 44147 a prime number?
False
Is 2203 a composite number?
False
Is 80989 a composite number?
False
Is 59999 a prime number?
True
Is 15877 a composite number?
False
Is 22901 composite?
False
Is 13894 a prime number?
False
Is 34519 composite?
False
Is 4692733 prime?
True
Is 30241 a prime number?
True
Is 23813 composite?
False
Is 38039 a composite number?
False
Is 44227 a prime number?
False
Is 10301 composite?
False
Is 2461 a prime number?
False
Is 46261 a prime number?
True
Is 10085 prime?
False
Is 2329 a prime number?
False
Is 21674 composite?
True
Is 3545 a prime number?
False
Is 192461 composite?
False
Is 1437 a composite number?
True
Is 21179 a prime number?
True
Is 8059 prime?
True
Is 925655 a prime number?
False
Is 24733 a composite number?
False
Is 69851 a composite number?
True
Is 3166303 a prime number?
False
Is 13471 a prime number?
False
Is 59263 prime?
True
Is 2102249 a prime number?
True
Is 79621 a composite number?
False
Is 8899 a prime number?
False
Is 560561 prime?
True
Is 3019 prime?
True
Is 21127 a prime number?
False
Is 13474 prime?
False
Is 6007 a prime number?
True
Is 50665 prime?
False
Is 2570147 a composite number?
True
Is 62357 prime?
False
Is 354479 a prime number?
True
Is 3163727 a composite number?
True
Is 67121 a composite number?
False
Is 103219 a prime number?
False
Is 1907 a prime number?
True
Is 257311 prime?
True
Is 11347 a prime number?
False
Is 332303 a composite number?
False
Is 3011 composite?
False
Is 51583 composite?
True
Is 377851 a prime number?
True
Is 38621 a prime number?
False
Is 1259 prime?
True
Is 9901 composite?
False
Is 42859 a composite number?
False
Is 22669 a composite number?
False
Is 150295 prime?
False
Is 2959609 a composite number?
False
Is 2099 prime?
True
Is 40453 composite?
True
Is 25501 composite?
True
Is 6161 prime?
False
Is 75529 a prime number?
False
Is 476831 composite?
False
Is 821 a composite number?
False
Is 69 a composite number?
True
Is 10901 a composite number?
True
Is 68141 composite?
False
Is 44293 composite?
False
Is 22843 prime?
False
Is 913591 prime?
False
Is 169553 a composite number?
False
Is 12461 prime?
False
Is 1393681 prime?
True
Is 40441 prime?
False
Is 105751 composite?
False
Is 372929 prime?
False
Is 23251 a composite number?
False
Is 8497 a composite number?
True
Is 722523 a prime number?
False
Is 2329537 a composite number?
True
Is 181273 a composite number?
False
Is 7621 composite?
False
Is 503663 a composite number?
False
Is 267 prime?
False
Is 485311 a composite number?
False
Is 91691 a prime number?
True
Is 14263 a prime number?
False
Is 1657 composite?
False
Is 57877 a composite number?
True
Is 13259 composite?
False
Is 457979 a prime number?
True
Is 21481 a prime number?
True
Is 212041 prime?
False
Is 84251 a prime number?
False
Is 78635 a prime number?
False
Is 165857 prime?
True
Is 24619 a prime number?
False
Is 9287 prime?
False
Is 1110529 a composite number?
True
Is 338729 a composite number?
True
Is 682259 prime?
True
Is 271429 composite?
False
Is 7419 prime?
False
Is 464069 a composite number?
False
Is 737 a composite number?
True
Is 496211 composite?
False
Is 294359 composite?
True
Is 307631 prime?
True
Is 350237 a prime number?
True
Is 774749 a composite number?
True
Is 2231149 composite?
False
Is 94321 prime?
True
Is 290771 composite?
True
Is 11777 a composite number?
False
Is 5113 composite?
False
Is 23327 composite?
False
Is 77 a prime number?
False
Is 28991 a composite number?
True
Is 37514 a prime number?
False
Is 103681 composite?
False
Is 10133 composite?
False
Is 307243 a composite number?
False
Is 44417 composite?
False
Is 1207447 prime?
True
Is 430649 prime?
True
Is 140753 composite?
True
Is 8353 prime?
True
Is 669971 composite?
False
Is 791 composite?
True
Is 82043 a prime number?
False
Is 440063 composite?
True
Is 6449 a composite number?
False
Is 1397243 a prime number?
False
Is 11923 a composite number?
False
Is 79747 a composite number?
True
Is 2741 prime?
True
Is 16217 prime?
True
Is 1098662 composite?
True
Is 273107 composite?
False
Is 233009 a prime number?
False
Is 30767 composite?
True
Is 154859 prime?
False
Is 126151 a prime number?
True
Is 2858 a prime number?
False
Is 37457 prime?
False
Is 691289 prime?
True
Is 81383 a composite number?
True
Is 13343 prime?
False
Is 4627 prime?
False
Is 50057 prime?
False
Is 10954 prime?
False
Is 691 composite?
False
Is 466369 composite?
False
Is 5519 a prime number?
True
Is 2101 prime?
False
Is 917783 a composite number?
False
Is 77917 a prime number?
False
Is 521 a prime number?
True
Is 1711 a prime number?
False
Is 29846 composite?
True
Is 4855 a prime number?
False
Is 32347 prime?
False
Is 553439 a prime number?
True
Is 129197 prime?
True
Is 20807 a prime number?
True
Is 243127 a composite number?
True
Is 23399 a composite number?
False
Is 19777 prime?
True
Is 16439 a prime number?
False
Is 175211 a prime number?
True
Is 1661981 prime?
False
Is 5981 composite?
False
Is 56218 prime?
False
Is 595795 a composite number?
True
Is 443285 a composite number?
True
Is 18623 a prime number?
False
Is 21143 a composite number?
False
Is 1847 a composite number?
False
Is 5585 composite?
True
Is 30161 a composite number?
False
Is 8501 prime?
True
Is 11669 prime?
False
Is 1157 prime?
False
Is 349553 composite?
False
Is 619471 a prime number?
True
Is 84907 composite?
True
Is 2102873 composite?
False
Is 226235 composite?
True
Is 1585 a prime number?
False
Is 290219 prime?
True
Is 21869 composite?
True
Is 230663 prime?
True
Is 41161 a composite number?
False
Is 2459 composite?
False
Is 9277 prime?
True
Is 13637 composite?
True
Is 279637 a composite number?
False
Is 11461 prime?
False
Is 21583 a prime number?
False
Is 33961 a prime number?
True
Is 248099 a prime number?
True
Is 6259 a prime number?
False
Is 471521 prime?
True
Is 229486 composite?
True
Is 130483 prime?
True
Is 33703 prime?
True
Is 164693 composite?
True
Is 73153 prime?
False
Is 5191 a composite number?
True
Is 503809 prime?
False
Is 32603 prime?
True
Is 5513 prime?
False
Is 2598871 composite?
True
Is 895 composite?
True
Is 88213 a composite number?
True
Is 42131 prime?
True
Is 745 a composite number?
True
Is 299551 composite?
True
Is 38195 a prime number?
False
Is 54829 a prime number?
True
Is 67049 prime?
True
Is 11299 a prime number?
True
Is 306895 prime?
False
Is 1465 a prime number?
False
Is 377331 composite?
True
Is 7069 a prime number?
True
Is 71387 prime?
True
Is 31147 prime?
True
Is 1491859 a composite number?
False
Is 4721 a prime number?
True
Is 3511 prime?
True
Is 52051 composite?
False
Is 6443 prime?
False
Is 22757 prime?
False
Is 190831 composite?
True
Is 331099 a composite number?
False
Is 22061 a composite number?
True
Is 127817 a composite number?
False
Is 1907369 prime?
True
Is 7129 prime?
True
Is 84049 prime?
False
Is 24749 a prime number?
True
Is 93169 a prime number?
True
Is 133919 a composite number?
False
Is 2647 a composite number?
False
Is 157037 a composite number?
False
Is 10831 a composite number?
False
Is 163745 a prime number?
False
Is 81331 composite?
False
Is 6433 prime?
False
Is 24829 composite?
True
Is 76967 composite?
True
Is 16873 prime?
False
Is 129603 composite?
True
Is 104461 composite?
True
Is 209927 a composite number?
False
Is 56159 a prime number?
False
Is 34909 prime?
False
Is 3491 prime?
True
Is 201473 a prime number?
True
Is 684913 a prime number?
False
Is 29479 a composite number?
True
Is 455727 a prime number?
False
Is 177722 a prime number?
False
Is 1114523 composite?
False
Is 455951 prime?
False
Is 33149 composite?
False
Is 395693 prime?
False
Is 50329 a composite number?
False
Is 267131 a composite number?
False
Is 6927 a composite number?
True
Is 203471 composite?
True
Is 73591 composite?
True
Is 4541 composite?
True
Is 89753 prime?
True
Is 486247 composite?
False
Is 87137 a composite number?
True
Is 1420243 a composite number?
True
Is 177953 prime?
True
Is 17291 a prime number?
True
Is 168439 a prime number?
False
Is 176929 a prime number?
False
Is 901547 a prime number?
True
Is 6823 prime?
True
Is 37619 a composite number?
False
Is 2053 composite?
False
Is 6065 composite?
True
Is 39958 prime?
F